{"id":43,"date":"2025-12-27T11:03:42","date_gmt":"2025-12-27T11:03:42","guid":{"rendered":"https:\/\/www.paxpleiadensis.com\/?page_id=43"},"modified":"2026-01-02T08:35:04","modified_gmt":"2026-01-02T08:35:04","slug":"qui-suis-je","status":"publish","type":"page","link":"https:\/\/www.paxpleiadensis.com\/index.php\/qui-suis-je\/","title":{"rendered":"Thoty"},"content":{"rendered":"\n<div class=\"wp-block-media-text is-stacked-on-mobile\" style=\"grid-template-columns:21% auto\"><figure class=\"wp-block-media-text__media\"><img loading=\"lazy\" decoding=\"async\" width=\"192\" height=\"192\" src=\"https:\/\/www.paxpleiadensis.com\/wp-content\/uploads\/2025\/12\/thoty.jpg\" alt=\"\" class=\"wp-image-71 size-full\" srcset=\"https:\/\/www.paxpleiadensis.com\/wp-content\/uploads\/2025\/12\/thoty.jpg 192w, https:\/\/www.paxpleiadensis.com\/wp-content\/uploads\/2025\/12\/thoty-150x150.jpg 150w\" sizes=\"auto, (max-width: 192px) 100vw, 192px\" \/><\/figure><div class=\"wp-block-media-text__content\">\n<p><strong><mark style=\"background-color:rgba(0, 0, 0, 0)\" class=\"has-inline-color has-accent-3-color\">Qui suis-je ?<\/mark><\/strong> Le sais-je vraiment apr\u00e8s tout&nbsp;? Ne pourrais-je pas \u00eatre celui que je veux ? Ou ne suis-je que ce que les autres ont fait de moi, au travers de mon h\u00e9r\u00e9dit\u00e9, puis de mes conditionnements ?<br>Qu&rsquo;est-ce qui en moi semble ne pas \u00eatre directement rattach\u00e9 \u00e0 ma lign\u00e9e transg\u00e9n\u00e9rationelle ou li\u00e9 \u00e0 une quelconque injonction&nbsp;?<\/p>\n<\/div><\/div>\n\n\n\n<p>Pourquoi, alors que je n&rsquo;avais qu&rsquo;une dizaine d&rsquo;ann\u00e9es, je fus fascin\u00e9 par la lecture des albums de Gidi sur l&rsquo;ufologie ? Ce sujet n&rsquo;\u00e9tait pourtant pas ou tr\u00e8s peu abord\u00e9 autour de moi. Rien dont je n&rsquo;ai conserv\u00e9 le souvenir en tous les cas.<br>Et qu&rsquo;est-ce qui expliquera plus tard, que je consacre mon premier salaire \u00e0 l&rsquo;achat d&rsquo;une lunette astronomique ? Que bon nombre de mes soir\u00e9es d&rsquo;\u00e9t\u00e9, alors que je n&rsquo;avais que 16 ans, soient employ\u00e9es \u00e0 l&rsquo;identification des plan\u00e8tes et des constellations dans le firmament\u00a0? Etait-ce une fuite ou un appel\u00a0?<br><br>Quelle \u00e9tait cette sph\u00e8re, d&rsquo;apparence m\u00e9tallique, visible un matin de d\u00e9cembre 1983 au dessus des voitures \u00e0 l&rsquo;arr\u00eat \u00e0 un feu rouge ? J&rsquo;\u00e9tais passager, et mon conducteur et moi regardions cet objet avec \u00e9tonnement,\u00e9tant bien incapables d&rsquo;identifier de quoi il s&rsquo;agissait. Puis le feu passa au vert \u00e0 ma grande d\u00e9ception. Et ce fut ce jour que j&rsquo;ai regrett\u00e9 ne pas avoir encore eu le permis, car croyez-moi, si j&rsquo;avais \u00e9t\u00e9 le pilote, je me serai aussit\u00f4t gar\u00e9 pour observer plus en d\u00e9tail ce premier \u00ab\u00a0ovni\u00a0\u00bb de ma vie. Je ne le savais pas encore, mais bien d&rsquo;autres se pr\u00e9senteraient \u00e0 moi par la suite.<br><br>Entre les albums de Gidi et cet objet, il y eut, \u00e0 l&rsquo;\u00e2ge de 15 ans, la lecture effr\u00e9n\u00e9e du livre \u00ab\u00a0La vie apr\u00e8s la vie\u00a0\u00bb du docteur Moody. Tous ces temoignages peu ou prou semblables de personnes ayant fr\u00f4l\u00e9 la mort, d\u00e9crivant ce qui leur semblait \u00eatre les pr\u00e9mices du passage oblig\u00e9 vers une autre r\u00e9alit\u00e9. Et ce, quels que soient, leur genre, leur culture, leur religion&#8230;<br><br>Et puis ces deux livres \u00e0 peine quelques ann\u00e9es plus tard, \u00ab\u00a0Nous sommes tous immortels\u00a0\u00bb et \u00ab\u00a0Des vies ant\u00e9rieures aux vies futures\u00a0\u00bb de Patrick Drouot. Pourquoi cette conviction, en les lisant assidument, que je savais faire de fa\u00e7on quasi inn\u00e9e ce qui \u00e9tait d\u00e9crit par l&rsquo;auteur, \u00e0 savoir mettre une personne dans un \u00e9tat de conscience modifi\u00e9, pour qu&rsquo;elle se souvienne qui elle \u00e9tait autrefois. Et faire remonter ainsi, non pas seulement des souvenirs de sa petite enfance, mais aussi de possibles r\u00e9miniscences de vies pass\u00e9es&#8230;<br><br>Aujourd&rsquo;hui, j&rsquo;ai d\u00e9cid\u00e9 de partager mes r\u00e9flexions et mes connaissances dans tous ces domaines inexplor\u00e9s \u00e0 l&rsquo;\u00e9cole, et de donner la parole et la plume, ou plut\u00f4t le clavier, \u00e0 celles et ceux de mon entourage qui ont \u00e9galement des choses \u00e0 dire sur ces sujets. Sans autre intention que d&rsquo;ouvrir l&rsquo;esprit aux possibles, mais toujours en demeurant libre. En ayant \u00e0 la fois ce doute et cette ouverture d&rsquo;esprit, conditions pr\u00e9alables, probablement, \u00e0 tout cheminement \u00e9clair\u00e9.<br><br>Je suis <mark style=\"background-color:rgba(0, 0, 0, 0)\" class=\"has-inline-color has-accent-3-color\"><strong>Thoty<\/strong>.<\/mark><\/p>\n","protected":false},"excerpt":{"rendered":"<p>Qui suis-je ? Le sais-je vraiment apr\u00e8s tout&nbsp;? Ne pourrais-je pas \u00eatre celui que je veux ? Ou ne suis-je que ce que les autres ont fait de moi, au travers de mon h\u00e9r\u00e9dit\u00e9, puis de mes conditionnements ?Qu&rsquo;est-ce qui en moi semble ne pas \u00eatre directement rattach\u00e9 \u00e0 ma lign\u00e9e transg\u00e9n\u00e9rationelle ou li\u00e9 \u00e0 [&hellip;]<\/p>\n","protected":false},"author":1,"featured_media":0,"parent":0,"menu_order":0,"comment_status":"closed","ping_status":"closed","template":"","meta":{"om_disable_all_campaigns":false,"_monsterinsights_skip_tracking":false,"_monsterinsights_sitenote_active":false,"_monsterinsights_sitenote_note":"","_monsterinsights_sitenote_category":0,"footnotes":""},"class_list":["post-43","page","type-page","status-publish","hentry"],"aioseo_notices":[],"_links":{"self":[{"href":"https:\/\/www.paxpleiadensis.com\/index.php\/wp-json\/wp\/v2\/pages\/43","targetHints":{"allow":["GET"]}}],"collection":[{"href":"https:\/\/www.paxpleiadensis.com\/index.php\/wp-json\/wp\/v2\/pages"}],"about":[{"href":"https:\/\/www.paxpleiadensis.com\/index.php\/wp-json\/wp\/v2\/types\/page"}],"author":[{"embeddable":true,"href":"https:\/\/www.paxpleiadensis.com\/index.php\/wp-json\/wp\/v2\/users\/1"}],"replies":[{"embeddable":true,"href":"https:\/\/www.paxpleiadensis.com\/index.php\/wp-json\/wp\/v2\/comments?post=43"}],"version-history":[{"count":15,"href":"https:\/\/www.paxpleiadensis.com\/index.php\/wp-json\/wp\/v2\/pages\/43\/revisions"}],"predecessor-version":[{"id":107,"href":"https:\/\/www.paxpleiadensis.com\/index.php\/wp-json\/wp\/v2\/pages\/43\/revisions\/107"}],"wp:attachment":[{"href":"https:\/\/www.paxpleiadensis.com\/index.php\/wp-json\/wp\/v2\/media?parent=43"}],"curies":[{"name":"wp","href":"https:\/\/api.w.org\/{rel}","templated":true}]}}